    {"id":174,"date":"2026-02-24T14:48:48","date_gmt":"2026-02-24T14:48:48","guid":{"rendered":"https:\/\/donga.tokyo\/?page_id=174"},"modified":"2026-02-27T11:44:32","modified_gmt":"2026-02-27T11:44:32","slug":"san-pham","status":"publish","type":"page","link":"https:\/\/donga.tokyo\/?page_id=174","title":{"rendered":"S\u1ea2N PH\u1ea8M"},"content":{"rendered":"\n<figure class=\"wp-block-image size-large is-resized\"><img loading=\"lazy\" decoding=\"async\" width=\"768\" height=\"1024\" src=\"https:\/\/donga.tokyo\/wp-content\/uploads\/2026\/02\/image-1-768x1024.png\" alt=\"\" class=\"wp-image-175\" style=\"aspect-ratio:0.7500194024058984;width:200px;height:auto\" srcset=\"https:\/\/donga.tokyo\/wp-content\/uploads\/2026\/02\/image-1-768x1025.png 768w, https:\/\/donga.tokyo\/wp-content\/uploads\/2026\/02\/image-1-225x300.png 225w, https:\/\/donga.tokyo\/wp-content\/uploads\/2026\/02\/image-1-600x800.png 600w, https:\/\/donga.tokyo\/wp-content\/uploads\/2026\/02\/image-1.png 1000w\" sizes=\"auto, (max-width: 768px) 100vw, 768px\" \/><\/figure>\n\n\n\n<p>\u00c1o:<\/p>\n\n\n\n<p><strong>M\u00f4 t\u1ea3 s\u1ea3n ph\u1ea9m \u00e1o Lacoste:<\/strong><br>\u00c1o c\u1ee7a Lacoste, \u0111\u1eb7c bi\u1ec7t l\u00e0 \u00e1o polo, \u0111\u01b0\u1ee3c thi\u1ebft k\u1ebf v\u1edbi phong c\u00e1ch \u0111\u01a1n gi\u1ea3n nh\u01b0ng tinh t\u1ebf. \u00c1o th\u01b0\u1eddng \u0111\u01b0\u1ee3c l\u00e0m t\u1eeb <strong>v\u1ea3i cotton petit piqu\u00e9 tho\u00e1ng kh\u00ed<\/strong>, gi\u00fap ng\u01b0\u1eddi m\u1eb7c c\u1ea3m th\u1ea5y tho\u1ea3i m\u00e1i v\u00e0 d\u1ec5 v\u1eadn \u0111\u1ed9ng. Thi\u1ebft k\u1ebf \u0111\u1eb7c tr\u01b0ng g\u1ed3m <strong>c\u1ed5 \u00e1o c\u00f3 n\u00fat, tay \u00e1o ng\u1eafn v\u00e0 logo c\u00e1 s\u1ea5u th\u00eau tr\u00ean ng\u1ef1c<\/strong>, t\u1ea1o n\u00ean d\u1ea5u \u1ea5n nh\u1eadn di\u1ec7n c\u1ee7a th\u01b0\u01a1ng hi\u1ec7u. Ki\u1ec3u d\u00e1ng \u00e1o \u0111a d\u1ea1ng nh\u01b0 <strong>regular fit, slim fit ho\u1eb7c classic fit<\/strong>, ph\u00f9 h\u1ee3p v\u1edbi nhi\u1ec1u phong c\u00e1ch v\u00e0 v\u00f3c d\u00e1ng kh\u00e1c nhau.<\/p>\n\n\n\n<p><strong>\u0110\u1eb7c \u0111i\u1ec3m n\u1ed5i b\u1eadt:<\/strong><\/p>\n\n\n\n<ul class=\"wp-block-list\">\n<li>Ch\u1ea5t li\u1ec7u cotton m\u1ec1m, tho\u00e1ng kh\u00ed<\/li>\n\n\n\n<li>Thi\u1ebft k\u1ebf c\u1ed5 b\u1ebb v\u00e0 h\u00e0ng n\u00fat ph\u00eda tr\u01b0\u1edbc<\/li>\n\n\n\n<li>Logo c\u00e1 s\u1ea5u th\u00eau \u0111\u1eb7c tr\u01b0ng<\/li>\n\n\n\n<li>Phong c\u00e1ch th\u1ec3 thao, thanh l\u1ecbch v\u00e0 d\u1ec5 ph\u1ed1i \u0111\u1ed3<\/li>\n<\/ul>\n\n\n\n<figure class=\"wp-block-image size-full is-resized\"><img loading=\"lazy\" decoding=\"async\" width=\"900\" height=\"900\" src=\"https:\/\/donga.tokyo\/wp-content\/uploads\/2026\/02\/image-2.png\" alt=\"\" class=\"wp-image-176\" style=\"width:258px;height:auto\" srcset=\"https:\/\/donga.tokyo\/wp-content\/uploads\/2026\/02\/image-2.png 900w, https:\/\/donga.tokyo\/wp-content\/uploads\/2026\/02\/image-2-300x300.png 300w, https:\/\/donga.tokyo\/wp-content\/uploads\/2026\/02\/image-2-150x150.png 150w, https:\/\/donga.tokyo\/wp-content\/uploads\/2026\/02\/image-2-768x768.png 768w, https:\/\/donga.tokyo\/wp-content\/uploads\/2026\/02\/image-2-600x600.png 600w, https:\/\/donga.tokyo\/wp-content\/uploads\/2026\/02\/image-2-100x100.png 100w\" sizes=\"auto, (max-width: 900px) 100vw, 900px\" \/><\/figure>\n\n\n\n<p>T\u00fai Tote:<\/p>\n\n\n\n<p><strong>T\u00fai c\u1ee7a Lacoste<\/strong> \u0111\u01b0\u1ee3c thi\u1ebft k\u1ebf theo phong c\u00e1ch <strong>th\u1ec3 thao, hi\u1ec7n \u0111\u1ea1i v\u00e0 thanh l\u1ecbch<\/strong>, ph\u00f9 h\u1ee3p cho c\u1ea3 nam v\u00e0 n\u1eef s\u1eed d\u1ee5ng trong nhi\u1ec1u ho\u00e0n c\u1ea3nh kh\u00e1c nhau.<\/p>\n\n\n\n<p><strong>M\u00f4 t\u1ea3 s\u1ea3n ph\u1ea9m t\u00fai Lacoste:<\/strong><br>T\u00fai Lacoste th\u01b0\u1eddng \u0111\u01b0\u1ee3c l\u00e0m t\u1eeb da, v\u1ea3i canvas ho\u1eb7c ch\u1ea5t li\u1ec7u t\u1ed5ng h\u1ee3p cao c\u1ea5p, gi\u00fap s\u1ea3n ph\u1ea9m b\u1ec1n, nh\u1eb9 v\u00e0 d\u1ec5 s\u1eed d\u1ee5ng. Thi\u1ebft k\u1ebf t\u00fai \u0111\u01a1n gi\u1ea3n nh\u01b0ng tinh t\u1ebf, n\u1ed5i b\u1eadt v\u1edbi logo c\u00e1 s\u1ea5u \u0111\u1eb7c tr\u01b0ng c\u1ee7a th\u01b0\u01a1ng hi\u1ec7u. C\u00e1c m\u1eabu t\u00fai c\u00f3 nhi\u1ec1u ng\u0103n ti\u1ec7n l\u1ee3i \u0111\u1ec3 \u0111\u1ef1ng \u0111\u1ed3 c\u00e1 nh\u00e2n nh\u01b0 \u0111i\u1ec7n tho\u1ea1i, v\u00ed, laptop ho\u1eb7c t\u00e0i li\u1ec7u. Ngo\u00e0i ra, t\u00fai Lacoste c\u00f3 nhi\u1ec1u ki\u1ec3u d\u00e1ng kh\u00e1c nhau nh\u01b0 t\u00fai x\u00e1ch, ba l\u00f4, t\u00fai \u0111eo ch\u00e9o v\u00e0 t\u00fai du l\u1ecbch, ph\u00f9 h\u1ee3p v\u1edbi nhi\u1ec1u phong c\u00e1ch v\u00e0 m\u1ee5c \u0111\u00edch s\u1eed d\u1ee5ng.<\/p>\n\n\n\n<p><strong>\u0110\u1eb7c \u0111i\u1ec3m n\u1ed5i b\u1eadt:<\/strong><\/p>\n\n\n\n<ul class=\"wp-block-list\">\n<li>Thi\u1ebft k\u1ebf hi\u1ec7n \u0111\u1ea1i, thanh l\u1ecbch <\/li>\n\n\n\n<li>Ch\u1ea5t li\u1ec7u b\u1ec1n v\u00e0 nh\u1eb9<\/li>\n\n\n\n<li>Nhi\u1ec1u ng\u0103n ti\u1ec7n l\u1ee3i<\/li>\n\n\n\n<li>Logo c\u00e1 s\u1ea5u nh\u1eadn di\u1ec7n th\u01b0\u01a1ng hi\u1ec7u<\/li>\n<\/ul>\n\n\n\n<figure class=\"wp-block-image size-full is-resized\"><img loading=\"lazy\" decoding=\"async\" width=\"900\" height=\"900\" src=\"https:\/\/donga.tokyo\/wp-content\/uploads\/2026\/02\/image-3.png\" alt=\"\" class=\"wp-image-177\" style=\"width:313px;height:auto\" srcset=\"https:\/\/donga.tokyo\/wp-content\/uploads\/2026\/02\/image-3.png 900w, https:\/\/donga.tokyo\/wp-content\/uploads\/2026\/02\/image-3-300x300.png 300w, https:\/\/donga.tokyo\/wp-content\/uploads\/2026\/02\/image-3-150x150.png 150w, https:\/\/donga.tokyo\/wp-content\/uploads\/2026\/02\/image-3-768x768.png 768w, https:\/\/donga.tokyo\/wp-content\/uploads\/2026\/02\/image-3-600x600.png 600w, https:\/\/donga.tokyo\/wp-content\/uploads\/2026\/02\/image-3-100x100.png 100w\" sizes=\"auto, (max-width: 900px) 100vw, 900px\" \/><\/figure>\n\n\n\n<p>Gi\u00e0y d\u00e9p:<\/p>\n\n\n\n<p><strong>Gi\u00e0y d\u00e9p c\u1ee7a Lacoste<\/strong> mang phong c\u00e1ch <strong>th\u1ec3 thao, tr\u1ebb trung v\u00e0 thanh l\u1ecbch<\/strong>, ph\u00f9 h\u1ee3p cho c\u1ea3 ho\u1ea1t \u0111\u1ed9ng h\u1eb1ng ng\u00e0y v\u00e0 c\u00e1c d\u1ecbp casual.<\/p>\n\n\n\n<p><strong>M\u00f4 t\u1ea3 s\u1ea3n ph\u1ea9m gi\u00e0y d\u00e9p Lacoste:<\/strong><br>Gi\u00e0y Lacoste \u0111\u01b0\u1ee3c thi\u1ebft k\u1ebf v\u1edbi ki\u1ec3u d\u00e1ng \u0111\u01a1n gi\u1ea3n nh\u01b0ng hi\u1ec7n \u0111\u1ea1i, s\u1eed d\u1ee5ng c\u00e1c ch\u1ea5t li\u1ec7u nh\u01b0 da, v\u1ea3i canvas ho\u1eb7c<strong> <\/strong>v\u1eadt li\u1ec7u t\u1ed5ng h\u1ee3p \u0111\u1ec3 \u0111\u1ea3m b\u1ea3o \u0111\u1ed9 b\u1ec1n v\u00e0 s\u1ef1 tho\u1ea3i m\u00e1i khi mang. \u0110\u1ebf gi\u00e0y th\u01b0\u1eddng nh\u1eb9, \u00eam v\u00e0 c\u00f3 \u0111\u1ed9 b\u00e1m t\u1ed1t, gi\u00fap ng\u01b0\u1eddi d\u00f9ng di chuy\u1ec3n d\u1ec5 d\u00e0ng. \u0110i\u1ec3m nh\u1eadn di\u1ec7n n\u1ed5i b\u1eadt c\u1ee7a s\u1ea3n ph\u1ea9m l\u00e0 logo c\u00e1 s\u1ea5u th\u00eau ho\u1eb7c in tr\u00ean th\u00e2n gi\u00e0y. Lacoste cung c\u1ea5p nhi\u1ec1u lo\u1ea1i gi\u00e0y nh\u01b0 sneakers, gi\u00e0y l\u01b0\u1eddi v\u00e0 gi\u00e0y casual, ph\u00f9 h\u1ee3p v\u1edbi nhi\u1ec1u phong c\u00e1ch th\u1eddi trang kh\u00e1c nhau.<\/p>\n\n\n\n<p><strong>\u0110\u1eb7c \u0111i\u1ec3m n\u1ed5i b\u1eadt:<\/strong><\/p>\n\n\n\n<ul class=\"wp-block-list\">\n<li>Thi\u1ebft k\u1ebf th\u1ec3 thao, hi\u1ec7n \u0111\u1ea1i \ud83d\udc5f<\/li>\n\n\n\n<li>Ch\u1ea5t li\u1ec7u b\u1ec1n v\u00e0 tho\u1ea3i m\u00e1i<\/li>\n\n\n\n<li>\u0110\u1ebf gi\u00e0y nh\u1eb9, \u00eam v\u00e0 ch\u1ed1ng tr\u01b0\u1ee3t<\/li>\n\n\n\n<li>Logo c\u00e1 s\u1ea5u \u0111\u1eb7c tr\u01b0ng c\u1ee7a th\u01b0\u01a1ng hi\u1ec7u<\/li>\n<\/ul>\n\n\n\n<figure class=\"wp-block-image size-full is-resized\"><img loading=\"lazy\" decoding=\"async\" width=\"900\" height=\"900\" src=\"https:\/\/donga.tokyo\/wp-content\/uploads\/2026\/02\/image-5.png\" alt=\"\" class=\"wp-image-179\" style=\"width:315px;height:auto\" srcset=\"https:\/\/donga.tokyo\/wp-content\/uploads\/2026\/02\/image-5.png 900w, https:\/\/donga.tokyo\/wp-content\/uploads\/2026\/02\/image-5-300x300.png 300w, https:\/\/donga.tokyo\/wp-content\/uploads\/2026\/02\/image-5-150x150.png 150w, https:\/\/donga.tokyo\/wp-content\/uploads\/2026\/02\/image-5-768x768.png 768w, https:\/\/donga.tokyo\/wp-content\/uploads\/2026\/02\/image-5-600x600.png 600w, https:\/\/donga.tokyo\/wp-content\/uploads\/2026\/02\/image-5-100x100.png 100w\" sizes=\"auto, (max-width: 900px) 100vw, 900px\" \/><\/figure>\n\n\n\n<p>N\u01b0\u1edbc hoa:<\/p>\n\n\n\n<p><strong>N\u01b0\u1edbc hoa c\u1ee7a Lacoste<\/strong> \u0111\u01b0\u1ee3c thi\u1ebft k\u1ebf theo phong c\u00e1ch <strong>thanh l\u1ecbch, n\u0103ng \u0111\u1ed9ng v\u00e0 hi\u1ec7n \u0111\u1ea1i<\/strong>, ph\u00f9 h\u1ee3p v\u1edbi h\u00ecnh \u1ea3nh th\u1ec3 thao \u0111\u1eb7c tr\u01b0ng c\u1ee7a th\u01b0\u01a1ng hi\u1ec7u.<\/p>\n\n\n\n<p><strong>M\u00f4 t\u1ea3 s\u1ea3n ph\u1ea9m:<\/strong><br>N\u01b0\u1edbc hoa Lacoste mang \u0111\u1ebfn nh\u1eefng m\u00f9i h\u01b0\u01a1ng <strong>t\u01b0\u01a1i m\u00e1t, tinh t\u1ebf v\u00e0 d\u1ec5 s\u1eed d\u1ee5ng h\u1eb1ng ng\u00e0y<\/strong>. C\u00e1c d\u00f2ng n\u01b0\u1edbc hoa th\u01b0\u1eddng k\u1ebft h\u1ee3p h\u00e0i h\u00f2a gi\u1eefa <strong>h\u01b0\u01a1ng tr\u00e1i c\u00e2y, h\u01b0\u01a1ng g\u1ed7 v\u00e0 h\u01b0\u01a1ng th\u1ea3o m\u1ed9c<\/strong>, t\u1ea1o c\u1ea3m gi\u00e1c tr\u1ebb trung v\u00e0 cu\u1ed1n h\u00fat. Thi\u1ebft k\u1ebf chai \u0111\u01a1n gi\u1ea3n nh\u01b0ng sang tr\u1ecdng, th\u01b0\u1eddng c\u00f3 <strong>logo c\u00e1 s\u1ea5u \u0111\u1eb7c tr\u01b0ng<\/strong> gi\u00fap t\u0103ng kh\u1ea3 n\u0103ng nh\u1eadn di\u1ec7n th\u01b0\u01a1ng hi\u1ec7u. N\u01b0\u1edbc hoa Lacoste ph\u00f9 h\u1ee3p cho nhi\u1ec1u d\u1ecbp kh\u00e1c nhau, t\u1eeb ho\u1ea1t \u0111\u1ed9ng h\u1eb1ng ng\u00e0y \u0111\u1ebfn c\u00e1c s\u1ef1 ki\u1ec7n quan tr\u1ecdng.<\/p>\n\n\n\n<p><strong>\u0110\u1eb7c \u0111i\u1ec3m n\u1ed5i b\u1eadt:<\/strong><\/p>\n\n\n\n<ul class=\"wp-block-list\">\n<li>M\u00f9i h\u01b0\u01a1ng t\u01b0\u01a1i m\u00e1t, thanh l\u1ecbch <\/li>\n\n\n\n<li>Thi\u1ebft k\u1ebf chai \u0111\u01a1n gi\u1ea3n, sang tr\u1ecdng<\/li>\n\n\n\n<li>Ph\u00f9 h\u1ee3p s\u1eed d\u1ee5ng h\u1eb1ng ng\u00e0y<\/li>\n\n\n\n<li>Th\u1ec3 hi\u1ec7n phong c\u00e1ch tr\u1ebb trung, n\u0103ng \u0111\u1ed9ng.<\/li>\n<\/ul>\n\n\n\n<figure class=\"wp-block-image size-full is-resized\"><img loading=\"lazy\" decoding=\"async\" width=\"600\" height=\"600\" src=\"https:\/\/donga.tokyo\/wp-content\/uploads\/2026\/02\/image-7.png\" alt=\"\" class=\"wp-image-181\" style=\"width:320px;height:auto\" srcset=\"https:\/\/donga.tokyo\/wp-content\/uploads\/2026\/02\/image-7.png 600w, https:\/\/donga.tokyo\/wp-content\/uploads\/2026\/02\/image-7-300x300.png 300w, https:\/\/donga.tokyo\/wp-content\/uploads\/2026\/02\/image-7-150x150.png 150w, https:\/\/donga.tokyo\/wp-content\/uploads\/2026\/02\/image-7-100x100.png 100w\" sizes=\"auto, (max-width: 600px) 100vw, 600px\" \/><\/figure>\n\n\n\n<p>N\u00f3n:<\/p>\n\n\n\n<p><strong>N\u00f3n c\u1ee7a Lacoste<\/strong> \u0111\u01b0\u1ee3c thi\u1ebft k\u1ebf theo phong c\u00e1ch <strong>th\u1ec3 thao, tr\u1ebb trung v\u00e0 hi\u1ec7n \u0111\u1ea1i<\/strong>, ph\u00f9 h\u1ee3p v\u1edbi nhi\u1ec1u ho\u1ea1t \u0111\u1ed9ng h\u1eb1ng ng\u00e0y.<\/p>\n\n\n\n<p><strong>M\u00f4 t\u1ea3 s\u1ea3n ph\u1ea9m:<\/strong><br>N\u00f3n Lacoste th\u01b0\u1eddng \u0111\u01b0\u1ee3c l\u00e0m t\u1eeb <strong>cotton ho\u1eb7c c\u00e1c ch\u1ea5t li\u1ec7u v\u1ea3i cao c\u1ea5p<\/strong>, mang l\u1ea1i c\u1ea3m gi\u00e1c tho\u00e1ng m\u00e1t v\u00e0 tho\u1ea3i m\u00e1i khi s\u1eed d\u1ee5ng. Thi\u1ebft k\u1ebf \u0111\u01a1n gi\u1ea3n nh\u01b0ng tinh t\u1ebf, n\u1ed5i b\u1eadt v\u1edbi <strong>logo c\u00e1 s\u1ea5u th\u00eau ph\u00eda tr\u01b0\u1edbc<\/strong>, t\u1ea1o d\u1ea5u \u1ea5n nh\u1eadn di\u1ec7n \u0111\u1eb7c tr\u01b0ng c\u1ee7a th\u01b0\u01a1ng hi\u1ec7u. Ph\u1ea7n ph\u00eda sau c\u1ee7a n\u00f3n th\u01b0\u1eddng c\u00f3 <strong>kh\u00f3a \u0111i\u1ec1u ch\u1ec9nh k\u00edch th\u01b0\u1edbc<\/strong>, gi\u00fap ng\u01b0\u1eddi d\u00f9ng d\u1ec5 d\u00e0ng ph\u00f9 h\u1ee3p v\u1edbi nhi\u1ec1u c\u1ee1 \u0111\u1ea7u kh\u00e1c nhau. N\u00f3n Lacoste d\u1ec5 ph\u1ed1i v\u1edbi nhi\u1ec1u phong c\u00e1ch trang ph\u1ee5c, \u0111\u1eb7c bi\u1ec7t l\u00e0 phong c\u00e1ch th\u1ec3 thao v\u00e0 casual.<\/p>\n\n\n\n<p><strong>\u0110\u1eb7c \u0111i\u1ec3m n\u1ed5i b\u1eadt:<\/strong><\/p>\n\n\n\n<ul class=\"wp-block-list\">\n<li>Thi\u1ebft k\u1ebf th\u1ec3 thao, hi\u1ec7n \u0111\u1ea1i <\/li>\n\n\n\n<li>Ch\u1ea5t li\u1ec7u tho\u00e1ng m\u00e1t, tho\u1ea3i m\u00e1i<\/li>\n\n\n\n<li>Logo c\u00e1 s\u1ea5u th\u00eau \u0111\u1eb7c tr\u01b0ng<\/li>\n\n\n\n<li>D\u1ec5 ph\u1ed1i v\u1edbi nhi\u1ec1u trang ph\u1ee5c.<\/li>\n<\/ul>\n\n\n\n<p><\/p>\n","protected":false},"excerpt":{"rendered":"<p>\u00c1o: M\u00f4 t\u1ea3 s\u1ea3n ph\u1ea9m \u00e1o Lacoste:\u00c1o c\u1ee7a Lacoste, \u0111\u1eb7c bi\u1ec7t l\u00e0 \u00e1o polo, \u0111\u01b0\u1ee3c thi\u1ebft k\u1ebf v\u1edbi phong c\u00e1ch \u0111\u01a1n gi\u1ea3n nh\u01b0ng tinh t\u1ebf. \u00c1o th\u01b0\u1eddng \u0111\u01b0\u1ee3c l\u00e0m t\u1eeb v\u1ea3i cotton petit piqu\u00e9 tho\u00e1ng kh\u00ed, gi\u00fap ng\u01b0\u1eddi m\u1eb7c c\u1ea3m th\u1ea5y tho\u1ea3i m\u00e1i v\u00e0 d\u1ec5 v\u1eadn \u0111\u1ed9ng. Thi\u1ebft k\u1ebf \u0111\u1eb7c tr\u01b0ng g\u1ed3m c\u1ed5 \u00e1o c\u00f3 [&hellip;]<\/p>\n","protected":false},"author":1,"featured_media":0,"parent":0,"menu_order":0,"comment_status":"closed","ping_status":"closed","template":"","meta":{"footnotes":""},"class_list":["post-174","page","type-page","status-publish","hentry"],"yoast_head":"<!-- This site is optimized with the Yoast SEO plugin v26.7 - https:\/\/yoast.com\/wordpress\/plugins\/seo\/ -->\n<title>S\u1ea2N PH\u1ea8M - Lacoste<\/title>\n<meta name=\"robots\" content=\"index, follow, max-snippet:-1, max-image-preview:large, max-video-preview:-1\" \/>\n<link rel=\"canonical\" href=\"https:\/\/donga.tokyo\/?page_id=174\" \/>\n<meta property=\"og:locale\" content=\"vi_VN\" \/>\n<meta property=\"og:type\" content=\"article\" \/>\n<meta property=\"og:title\" content=\"S\u1ea2N PH\u1ea8M - Lacoste\" \/>\n<meta property=\"og:description\" content=\"\u00c1o: M\u00f4 t\u1ea3 s\u1ea3n ph\u1ea9m \u00e1o Lacoste:\u00c1o c\u1ee7a Lacoste, \u0111\u1eb7c bi\u1ec7t l\u00e0 \u00e1o polo, \u0111\u01b0\u1ee3c thi\u1ebft k\u1ebf v\u1edbi phong c\u00e1ch \u0111\u01a1n gi\u1ea3n nh\u01b0ng tinh t\u1ebf. \u00c1o th\u01b0\u1eddng \u0111\u01b0\u1ee3c l\u00e0m t\u1eeb v\u1ea3i cotton petit piqu\u00e9 tho\u00e1ng kh\u00ed, gi\u00fap ng\u01b0\u1eddi m\u1eb7c c\u1ea3m th\u1ea5y tho\u1ea3i m\u00e1i v\u00e0 d\u1ec5 v\u1eadn \u0111\u1ed9ng. Thi\u1ebft k\u1ebf \u0111\u1eb7c tr\u01b0ng g\u1ed3m c\u1ed5 \u00e1o c\u00f3 [&hellip;]\" \/>\n<meta property=\"og:url\" content=\"https:\/\/donga.tokyo\/?page_id=174\" \/>\n<meta property=\"og:site_name\" content=\"Lacoste\" \/>\n<meta property=\"article:modified_time\" content=\"2026-02-27T11:44:32+00:00\" \/>\n<meta property=\"og:image\" content=\"https:\/\/donga.tokyo\/wp-content\/uploads\/2026\/02\/image-1.png\" \/>\n\t<meta property=\"og:image:width\" content=\"1000\" \/>\n\t<meta property=\"og:image:height\" content=\"1334\" \/>\n\t<meta property=\"og:image:type\" content=\"image\/png\" \/>\n<meta name=\"twitter:card\" content=\"summary_large_image\" \/>\n<meta name=\"twitter:label1\" content=\"\u01af\u1edbc t\u00ednh th\u1eddi gian \u0111\u1ecdc\" \/>\n\t<meta name=\"twitter:data1\" content=\"6 ph\u00fat\" \/>\n<script type=\"application\/ld+json\" class=\"yoast-schema-graph\">{\"@context\":\"https:\/\/schema.org\",\"@graph\":[{\"@type\":\"WebPage\",\"@id\":\"https:\/\/donga.tokyo\/?page_id=174\",\"url\":\"https:\/\/donga.tokyo\/?page_id=174\",\"name\":\"S\u1ea2N PH\u1ea8M - Lacoste\",\"isPartOf\":{\"@id\":\"https:\/\/donga.tokyo\/#website\"},\"primaryImageOfPage\":{\"@id\":\"https:\/\/donga.tokyo\/?page_id=174#primaryimage\"},\"image\":{\"@id\":\"https:\/\/donga.tokyo\/?page_id=174#primaryimage\"},\"thumbnailUrl\":\"https:\/\/donga.tokyo\/wp-content\/uploads\/2026\/02\/image-1-768x1024.png\",\"datePublished\":\"2026-02-24T14:48:48+00:00\",\"dateModified\":\"2026-02-27T11:44:32+00:00\",\"breadcrumb\":{\"@id\":\"https:\/\/donga.tokyo\/?page_id=174#breadcrumb\"},\"inLanguage\":\"vi\",\"potentialAction\":[{\"@type\":\"ReadAction\",\"target\":[\"https:\/\/donga.tokyo\/?page_id=174\"]}]},{\"@type\":\"ImageObject\",\"inLanguage\":\"vi\",\"@id\":\"https:\/\/donga.tokyo\/?page_id=174#primaryimage\",\"url\":\"https:\/\/donga.tokyo\/wp-content\/uploads\/2026\/02\/image-1.png\",\"contentUrl\":\"https:\/\/donga.tokyo\/wp-content\/uploads\/2026\/02\/image-1.png\",\"width\":1000,\"height\":1334},{\"@type\":\"BreadcrumbList\",\"@id\":\"https:\/\/donga.tokyo\/?page_id=174#breadcrumb\",\"itemListElement\":[{\"@type\":\"ListItem\",\"position\":1,\"name\":\"Home\",\"item\":\"https:\/\/donga.tokyo\/\"},{\"@type\":\"ListItem\",\"position\":2,\"name\":\"S\u1ea2N PH\u1ea8M\"}]},{\"@type\":\"WebSite\",\"@id\":\"https:\/\/donga.tokyo\/#website\",\"url\":\"https:\/\/donga.tokyo\/\",\"name\":\"Lacoste\",\"description\":\"Lacoste l\u00e0 th\u01b0\u01a1ng hi\u1ec7u th\u1eddi trang cao c\u1ea5p mang \u0111\u1eadm tinh th\u1ea7n th\u1ec3 thao thanh l\u1ecbch c\u1ee7a n\u01b0\u1edbc Ph\u00e1p. \u0110\u01b0\u1ee3c th\u00e0nh l\u1eadp n\u0103m 1933 b\u1edfi huy\u1ec1n tho\u1ea1i qu\u1ea7n v\u1ee3t Ren\u00e9 Lacoste, th\u01b0\u01a1ng hi\u1ec7u n\u1ed5i ti\u1ebfng v\u1edbi bi\u1ec3u t\u01b0\u1ee3ng c\u00e1 s\u1ea5u xanh \u2013 \u0111\u1ea1i di\u1ec7n cho s\u1ef1 b\u1ec1n b\u1ec9, b\u1ea3n l\u0129nh v\u00e0 \u0111\u1eb3ng c\u1ea5p. Lacoste k\u1ebft h\u1ee3p h\u00e0i h\u00f2a gi\u1eefa phong c\u00e1ch c\u1ed5 \u0111i\u1ec3n v\u00e0 h\u01a1i th\u1edf hi\u1ec7n \u0111\u1ea1i, t\u1ea1o n\u00ean nh\u1eefng thi\u1ebft k\u1ebf tinh gi\u1ea3n, tho\u1ea3i m\u00e1i nh\u01b0ng v\u1eabn sang tr\u1ecdng, ph\u00f9 h\u1ee3p cho c\u1ea3 \u0111\u1eddi s\u1ed1ng th\u01b0\u1eddng ng\u00e0y l\u1eabn c\u00e1c ho\u1ea1t \u0111\u1ed9ng th\u1ec3 thao.\",\"publisher\":{\"@id\":\"https:\/\/donga.tokyo\/#organization\"},\"potentialAction\":[{\"@type\":\"SearchAction\",\"target\":{\"@type\":\"EntryPoint\",\"urlTemplate\":\"https:\/\/donga.tokyo\/?s={search_term_string}\"},\"query-input\":{\"@type\":\"PropertyValueSpecification\",\"valueRequired\":true,\"valueName\":\"search_term_string\"}}],\"inLanguage\":\"vi\"},{\"@type\":\"Organization\",\"@id\":\"https:\/\/donga.tokyo\/#organization\",\"name\":\"Lacoste\",\"url\":\"https:\/\/donga.tokyo\/\",\"logo\":{\"@type\":\"ImageObject\",\"inLanguage\":\"vi\",\"@id\":\"https:\/\/donga.tokyo\/#\/schema\/logo\/image\/\",\"url\":\"https:\/\/donga.tokyo\/wp-content\/uploads\/2026\/02\/cropped-Screenshot-2026-02-03-101544.png\",\"contentUrl\":\"https:\/\/donga.tokyo\/wp-content\/uploads\/2026\/02\/cropped-Screenshot-2026-02-03-101544.png\",\"width\":488,\"height\":245,\"caption\":\"Lacoste\"},\"image\":{\"@id\":\"https:\/\/donga.tokyo\/#\/schema\/logo\/image\/\"}}]}<\/script>\n<!-- \/ Yoast SEO plugin. -->","yoast_head_json":{"title":"S\u1ea2N PH\u1ea8M - Lacoste","robots":{"index":"index","follow":"follow","max-snippet":"max-snippet:-1","max-image-preview":"max-image-preview:large","max-video-preview":"max-video-preview:-1"},"canonical":"https:\/\/donga.tokyo\/?page_id=174","og_locale":"vi_VN","og_type":"article","og_title":"S\u1ea2N PH\u1ea8M - Lacoste","og_description":"\u00c1o: M\u00f4 t\u1ea3 s\u1ea3n ph\u1ea9m \u00e1o Lacoste:\u00c1o c\u1ee7a Lacoste, \u0111\u1eb7c bi\u1ec7t l\u00e0 \u00e1o polo, \u0111\u01b0\u1ee3c thi\u1ebft k\u1ebf v\u1edbi phong c\u00e1ch \u0111\u01a1n gi\u1ea3n nh\u01b0ng tinh t\u1ebf. \u00c1o th\u01b0\u1eddng \u0111\u01b0\u1ee3c l\u00e0m t\u1eeb v\u1ea3i cotton petit piqu\u00e9 tho\u00e1ng kh\u00ed, gi\u00fap ng\u01b0\u1eddi m\u1eb7c c\u1ea3m th\u1ea5y tho\u1ea3i m\u00e1i v\u00e0 d\u1ec5 v\u1eadn \u0111\u1ed9ng. Thi\u1ebft k\u1ebf \u0111\u1eb7c tr\u01b0ng g\u1ed3m c\u1ed5 \u00e1o c\u00f3 [&hellip;]","og_url":"https:\/\/donga.tokyo\/?page_id=174","og_site_name":"Lacoste","article_modified_time":"2026-02-27T11:44:32+00:00","og_image":[{"width":1000,"height":1334,"url":"https:\/\/donga.tokyo\/wp-content\/uploads\/2026\/02\/image-1.png","type":"image\/png"}],"twitter_card":"summary_large_image","twitter_misc":{"\u01af\u1edbc t\u00ednh th\u1eddi gian \u0111\u1ecdc":"6 ph\u00fat"},"schema":{"@context":"https:\/\/schema.org","@graph":[{"@type":"WebPage","@id":"https:\/\/donga.tokyo\/?page_id=174","url":"https:\/\/donga.tokyo\/?page_id=174","name":"S\u1ea2N PH\u1ea8M - Lacoste","isPartOf":{"@id":"https:\/\/donga.tokyo\/#website"},"primaryImageOfPage":{"@id":"https:\/\/donga.tokyo\/?page_id=174#primaryimage"},"image":{"@id":"https:\/\/donga.tokyo\/?page_id=174#primaryimage"},"thumbnailUrl":"https:\/\/donga.tokyo\/wp-content\/uploads\/2026\/02\/image-1-768x1024.png","datePublished":"2026-02-24T14:48:48+00:00","dateModified":"2026-02-27T11:44:32+00:00","breadcrumb":{"@id":"https:\/\/donga.tokyo\/?page_id=174#breadcrumb"},"inLanguage":"vi","potentialAction":[{"@type":"ReadAction","target":["https:\/\/donga.tokyo\/?page_id=174"]}]},{"@type":"ImageObject","inLanguage":"vi","@id":"https:\/\/donga.tokyo\/?page_id=174#primaryimage","url":"https:\/\/donga.tokyo\/wp-content\/uploads\/2026\/02\/image-1.png","contentUrl":"https:\/\/donga.tokyo\/wp-content\/uploads\/2026\/02\/image-1.png","width":1000,"height":1334},{"@type":"BreadcrumbList","@id":"https:\/\/donga.tokyo\/?page_id=174#breadcrumb","itemListElement":[{"@type":"ListItem","position":1,"name":"Home","item":"https:\/\/donga.tokyo\/"},{"@type":"ListItem","position":2,"name":"S\u1ea2N PH\u1ea8M"}]},{"@type":"WebSite","@id":"https:\/\/donga.tokyo\/#website","url":"https:\/\/donga.tokyo\/","name":"Lacoste","description":"Lacoste l\u00e0 th\u01b0\u01a1ng hi\u1ec7u th\u1eddi trang cao c\u1ea5p mang \u0111\u1eadm tinh th\u1ea7n th\u1ec3 thao thanh l\u1ecbch c\u1ee7a n\u01b0\u1edbc Ph\u00e1p. \u0110\u01b0\u1ee3c th\u00e0nh l\u1eadp n\u0103m 1933 b\u1edfi huy\u1ec1n tho\u1ea1i qu\u1ea7n v\u1ee3t Ren\u00e9 Lacoste, th\u01b0\u01a1ng hi\u1ec7u n\u1ed5i ti\u1ebfng v\u1edbi bi\u1ec3u t\u01b0\u1ee3ng c\u00e1 s\u1ea5u xanh \u2013 \u0111\u1ea1i di\u1ec7n cho s\u1ef1 b\u1ec1n b\u1ec9, b\u1ea3n l\u0129nh v\u00e0 \u0111\u1eb3ng c\u1ea5p. Lacoste k\u1ebft h\u1ee3p h\u00e0i h\u00f2a gi\u1eefa phong c\u00e1ch c\u1ed5 \u0111i\u1ec3n v\u00e0 h\u01a1i th\u1edf hi\u1ec7n \u0111\u1ea1i, t\u1ea1o n\u00ean nh\u1eefng thi\u1ebft k\u1ebf tinh gi\u1ea3n, tho\u1ea3i m\u00e1i nh\u01b0ng v\u1eabn sang tr\u1ecdng, ph\u00f9 h\u1ee3p cho c\u1ea3 \u0111\u1eddi s\u1ed1ng th\u01b0\u1eddng ng\u00e0y l\u1eabn c\u00e1c ho\u1ea1t \u0111\u1ed9ng th\u1ec3 thao.","publisher":{"@id":"https:\/\/donga.tokyo\/#organization"},"potentialAction":[{"@type":"SearchAction","target":{"@type":"EntryPoint","urlTemplate":"https:\/\/donga.tokyo\/?s={search_term_string}"},"query-input":{"@type":"PropertyValueSpecification","valueRequired":true,"valueName":"search_term_string"}}],"inLanguage":"vi"},{"@type":"Organization","@id":"https:\/\/donga.tokyo\/#organization","name":"Lacoste","url":"https:\/\/donga.tokyo\/","logo":{"@type":"ImageObject","inLanguage":"vi","@id":"https:\/\/donga.tokyo\/#\/schema\/logo\/image\/","url":"https:\/\/donga.tokyo\/wp-content\/uploads\/2026\/02\/cropped-Screenshot-2026-02-03-101544.png","contentUrl":"https:\/\/donga.tokyo\/wp-content\/uploads\/2026\/02\/cropped-Screenshot-2026-02-03-101544.png","width":488,"height":245,"caption":"Lacoste"},"image":{"@id":"https:\/\/donga.tokyo\/#\/schema\/logo\/image\/"}}]}},"jetpack_sharing_enabled":true,"_links":{"self":[{"href":"https:\/\/donga.tokyo\/index.php?rest_route=\/wp\/v2\/pages\/174","targetHints":{"allow":["GET"]}}],"collection":[{"href":"https:\/\/donga.tokyo\/index.php?rest_route=\/wp\/v2\/pages"}],"about":[{"href":"https:\/\/donga.tokyo\/index.php?rest_route=\/wp\/v2\/types\/page"}],"author":[{"embeddable":true,"href":"https:\/\/donga.tokyo\/index.php?rest_route=\/wp\/v2\/users\/1"}],"replies":[{"embeddable":true,"href":"https:\/\/donga.tokyo\/index.php?rest_route=%2Fwp%2Fv2%2Fcomments&post=174"}],"version-history":[{"count":1,"href":"https:\/\/donga.tokyo\/index.php?rest_route=\/wp\/v2\/pages\/174\/revisions"}],"predecessor-version":[{"id":182,"href":"https:\/\/donga.tokyo\/index.php?rest_route=\/wp\/v2\/pages\/174\/revisions\/182"}],"wp:attachment":[{"href":"https:\/\/donga.tokyo\/index.php?rest_route=%2Fwp%2Fv2%2Fmedia&parent=174"}],"curies":[{"name":"wp","href":"https:\/\/api.w.org\/{rel}","templated":true}]}}